st common divisor of 510 and 480.
30
What is the greatest common factor of 7 and 7?
7
What is the greatest common divisor of 67 and 1943?
67
What is the highest common factor of 203 and 119?
7
What is the highest common factor of 82 and 4?
2
What is the highest common divisor of 12 and 44?
4
What is the greatest common factor of 144 and 828?
36
What is the greatest common divisor of 63 and 21?
21
What is the highest common divisor of 16789 and 206?
103
Calculate the highest common factor of 261 and 75429.
261
What is the greatest common factor of 321 and 535?
107
What is the greatest common factor of 38 and 741?
19
What is the greatest common factor of 9 and 144?
9
What is the greatest common factor of 17 and 323?
17
Calculate the highest common divisor of 3376 and 16.
16
Calculate the highest common divisor of 57 and 1406.
19
What is the greatest common factor of 3553 and 17?
17
What is the highest common divisor of 87 and 2697?
87
What is the highest common factor of 5 and 65?
5
Calculate the greatest common factor of 51687 and 18.
9
Calculate the highest common factor of 21 and 3864.
21
What is the highest common factor of 23910 and 30?
30
What is the greatest common factor of 1131 and 5278?
377
Calculate the greatest common divisor of 120 and 2000.
40
Calculate the highest common divisor of 156 and 351.
39
Calculate the highest common factor of 3232 and 736.
32
What is the highest common factor of 57 and 380?
19
Calculate the highest common divisor of 24 and 1524.
12
Calculate the greatest common factor of 38 and 2698.
38
What is the greatest common factor of 6 and 24?
6
What is the greatest common divisor of 30 and 400?
10
Calculate the greatest common divisor of 32 and 560.
16
Calculate the highest common factor of 4579 and 190.
19
What is the greatest common factor of 6 and 48?
6
What is the greatest common divisor of 306 and 144?
18
What is the highest common divisor of 3528 and 90?
18
What is the highest common factor of 1068 and 36?
12
What is the highest common divisor of 1435 and 35?
35
What is the greatest common factor of 1112 and 1251?
139
What is the highest common factor of 308 and 6391?
77
Calculate the highest common factor of 52445 and 85.
85
What is the highest common divisor of 312 and 336?
24
What is the highest common divisor of 861 and 42?
21
What is the greatest common factor of 493 and 58?
29
Calculate the greatest common factor of 12 and 2148.
12
Calculate the highest common divisor of 3355 and 165.
55
Calculate the highest common divisor of 6240 and 9.
3
What is the greatest common divisor of 81 and 45?
9
Calculate the greatest common factor of 406 and 126.
14
Calculate the greatest common divisor of 805 and 207.
23
Calculate the greatest common divisor of 39 and 45.
3
What is the highest common divisor of 689 and 3127?
53
Calculate the greatest common divisor of 324 and 4.
4
What is the highest common divisor of 1255 and 9789?
251
What is the greatest common factor of 20 and 65?
5
Calculate the greatest common factor of 224 and 952.
56
Calculate the greatest common divisor of 39 and 143.
13
What is the highest common factor of 3135 and 105?
15
What is the greatest common factor of 2565 and 95?
95
What is the greatest common divisor of 9 and 639?
9
Calculate the highest common divisor of 16 and 496.
16
Calculate the greatest common divisor of 21099 and 39.
39
What is the greatest common divisor of 24 and 648?
24
What is the highest common divisor of 533 and 328?
41
Calculate the highest common divisor of 62 and 14942.
62
Calculate the greatest common divisor of 41836 and 4.
4
Calculate the greatest common factor of 3486 and 42.
42
Calculate the greatest common factor of 57 and 9101.
19
Calculate the greatest common factor of 192 and 144.
48
Calculate the highest common divisor of 176 and 4136.
88
Calculate the greatest common divisor of 190 and 2375.
95
Calculate the highest common factor of 123 and 82.
41
What is the highest common factor of 27 and 1593?
27
Calculate the highest common divisor of 34 and 425.
17
Calculate the greatest common factor of 91 and 28.
7
Calculate the highest common divisor of 103312 and 176.
176
Calculate the highest common factor of 7 and 749.
7
What is the highest common factor of 1455 and 300?
15
What is the greatest common factor of 40 and 96?
8
What is the greatest common divisor of 66 and 2874?
6
What is the greatest common factor of 735 and 2625?
105
Calculate the greatest common divisor of 17 and 1071.
17
Calculate the highest common factor of 238 and 90202.
238
What is the highest common factor of 18132 and 12?
12
What is the greatest common divisor of 759 and 184?
23
Calculate the greatest common factor of 12 and 2592.
12
Calculate the greatest common divisor of 572 and 104.
52
Calculate the highest common divisor of 237 and 632.
79
What is the greatest common divisor of 7030 and 95?
95
What is the greatest common divisor of 384 and 3?
3
What is the greatest common factor of 4251 and 26?
13
What is the highest common factor of 17984 and 32?
32
Calculate the highest common factor of 75 and 20.
5
Calculate the greatest common factor of 128 and 704.
64
Calculate the greatest common factor of 87 and 1856.
29
Calculate the greatest common divisor of 132 and 96.
12
What is the highest common factor of 116 and 26564?
116
What is the greatest common divisor of 18 and 7002?
18
Calculate the highest common factor of 1120 and 16520.
280
What is the highest common divisor of 171 and 665?
19
What is the greatest common divisor of 65 and 221?
13
Calculate the highest common divisor of 486 and 189.
27
What is the highest common divisor of 186 and 10974?
186
Calculate the greatest common divisor of 851 and 46.
23
Calculate the highest common factor of 144 and 234.
18
Calculate the greatest common divisor of 99 and 5973.
33
What is the highest common divisor of 8362 and 1243?
113
Calculate the highest common divisor of 5848 and 680.
136
What is the highest common factor of 75 and 1335?
15
What is the greatest common divisor of 14 and 98?
14
What is the greatest common factor of 1850 and 30?
10
Calculate the highest common divisor of 12124 and 140.
28
What is the highest common divisor of 721 and 28?
7
What is the greatest common factor of 777 and 21?
21
What is the greatest common factor of 546 and 336?
42
What is the highest common divisor of 11221 and 458?
229
Calculate the greatest common factor of 6 and 750.
6
What is the highest common factor of 3230 and 418?
38
What is the greatest common factor of 874 and 38?
38
What is the greatest common divisor of 15 and 11?
1
Calculate the greatest common divisor of 42 and 9261.
21
Calculate the greatest common factor of 33 and 1419.
33
What is the greatest common factor of 84 and 756?
84
Calculate the greatest common divisor of 7 and 21.
7
What is the highest common divisor of 32 and 73?
1
What is the greatest common factor of 2544 and 16?
16
Calculate the highest common divisor of 663 and 459.
51
Calculate the highest common divisor of 27 and 22725.
9
Calculate the greatest common divisor of 240 and 7440.
240
What is the greatest common factor of 15540 and 24?
12
Calculate the highest common factor of 4660 and 20.
20
Calculate the highest common factor of 4499 and 1636.
409
Calculate the greatest common divisor of 263 and 19.
1
Calculate the highest common factor of 1 and 383.
1
What is the highest common factor of 40 and 620?
20
Calculate the highest common factor of 996 and 9628.
332
Calculate the greatest common factor of 4 and 22.
2
Calculate the highest common factor of 3 and 3195.
3
What is the highest common factor of 3123 and 45?
9
Calculate the highest common divisor of 208 and 18824.
104
Calculate the greatest common divisor of 789 and 6.
3
What is the highest common divisor of 5535 and 9?
9
Calculate the highest common factor of 35 and 9891.
7
What is the greatest common divisor of 38 and 323?
19
Calculate the highest common divisor of 18 and 318.
6
What is the highest common divisor of 274 and 49046?
274
Calculate the greatest common factor of 786 and 54.
6
What is the highest common factor of 435 and 45?
15
Calculate the highest common factor of 161 and 138.
23
What is the highest common factor of 4761 and 36?
9
Calculate the high